{"id":2968,"date":"2022-02-01T12:00:00","date_gmt":"2022-02-01T11:00:00","guid":{"rendered":"https:\/\/jona-pflegedienst.de\/?page_id=2968"},"modified":"2025-10-27T12:04:02","modified_gmt":"2025-10-27T11:04:02","slug":"barrierefreiheitserklaerung","status":"publish","type":"page","link":"https:\/\/jona-pflegedienst.de\/leichte-sprache\/barrierefreiheitserklaerung\/","title":{"rendered":"Barrierefreiheitserkl\u00e4rung"},"content":{"rendered":"<section id=\"block-site-hero-block_fd8869d31648b6e2d75dcbd728b7a081\" class=\"block-site-hero alignfull\" aria-labelledby=\"block-site-hero-block_fd8869d31648b6e2d75dcbd728b7a081-title\">\n\n                        <a class=\"block-site-hero__button\"\n                href=\"https:\/\/jona-pflegedienst.de\/leichte-sprache\/jobs\/\"\n                target=\"_self\"\n                                style=\"background-color:#F9D602;\">\n                <span class=\"headline__2\" style=\"color:#231ca6;\">\n                    Jetzt<br>bei Jona<br>bewerben                <\/span>\n                                    <span class=\"block-site-hero__button--icon\" aria-hidden=\"true\">\n                        <img src=\"https:\/\/jona-pflegedienst.de\/wp-content\/uploads\/arrow-right-blue.png\" alt=\"\" loading=\"lazy\" decoding=\"async\" \/>\n                    <\/span>\n                            <\/a>\n\n            \n    <div class=\"text__wrapper\">\n        \n                    <h1 id=\"block-site-hero-block_fd8869d31648b6e2d75dcbd728b7a081-title\" class=\"headline__1\">Barrierefreiheitserkl\u00e4rung<\/h1>\n        \n        \n            <\/div>\n\n            <div class=\"block__wave\" aria-hidden=\"true\" role=\"presentation\">\n            <svg xmlns=\"http:\/\/www.w3.org\/2000\/svg\"\n                viewbox=\"0 0 1920 138.0047\"\n                preserveaspectratio=\"xMidYMid slice\"\n                focusable=\"false\">\n                <path d=\"m0,8.0047c88.4977,48.7614,228.2365,94.7753,399,110,277.9344,24.7797,384.1994-3.4081,617-56,189.5884-42.8299,529-124,904,19v57H0c0-35.6667,0-77.3333,0-113V8.0047Z\" \/>\n            <\/svg>\n        <\/div>\n    \n    \n        <figure class=\"block-site-hero__image\">\n                            <div class=\"block-site-hero__image--gradient\" aria-hidden=\"true\"><\/div>\n            \n            \n            <img width=\"1920\" height=\"796\" src=\"https:\/\/jona-pflegedienst.de\/wp-content\/uploads\/jona-pflegedienst_1920x1080_24-e1681410397177.jpg\" class=\"block-site-hero__image--img\" alt=\"Mitarbeitende des Jona Intensivpflegedienstes gehen mit einem Kunden im Wald spazieren\" loading=\"eager\" fetchpriority=\"high\" decoding=\"async\" srcset=\"https:\/\/jona-pflegedienst.de\/wp-content\/uploads\/jona-pflegedienst_1920x1080_24-e1681410397177.jpg 1920w, https:\/\/jona-pflegedienst.de\/wp-content\/uploads\/jona-pflegedienst_1920x1080_24-e1681410397177-18x7.jpg 18w, https:\/\/jona-pflegedienst.de\/wp-content\/uploads\/jona-pflegedienst_1920x1080_24-e1681410397177-1440x597.jpg 1440w, https:\/\/jona-pflegedienst.de\/wp-content\/uploads\/jona-pflegedienst_1920x1080_24-e1681410397177-1200x498.jpg 1200w, https:\/\/jona-pflegedienst.de\/wp-content\/uploads\/jona-pflegedienst_1920x1080_24-e1681410397177-1024x425.jpg 1024w, https:\/\/jona-pflegedienst.de\/wp-content\/uploads\/jona-pflegedienst_1920x1080_24-e1681410397177-320x133.jpg 320w, https:\/\/jona-pflegedienst.de\/wp-content\/uploads\/jona-pflegedienst_1920x1080_24-e1681410397177-200x83.jpg 200w, https:\/\/jona-pflegedienst.de\/wp-content\/uploads\/jona-pflegedienst_1920x1080_24-e1681410397177-512x212.jpg 512w, https:\/\/jona-pflegedienst.de\/wp-content\/uploads\/jona-pflegedienst_1920x1080_24-e1681410397177-768x318.jpg 768w, https:\/\/jona-pflegedienst.de\/wp-content\/uploads\/jona-pflegedienst_1920x1080_24-e1681410397177-1536x637.jpg 1536w\" sizes=\"(max-width: 1920px) 100vw, 1920px\" \/>\n                    <\/figure>\n    \n    \n    <\/section>\n\n\n<div class=\"wp-block-group\"><div class=\"wp-block-group__inner-container is-layout-constrained wp-block-group-is-layout-constrained\">\n<h1 class=\"wp-block-heading\">Erkl\u00e4rung zur Barrierefreiheit f\u00fcr Dienstleistungen<\/h1>\n\n\n\n<p>Im Rahmen unserer Barrierefreiheitserkl\u00e4rung m\u00f6chten wir Ihnen einen \u00dcberblick \u00fcber den Stand der Vereinbarkeit der unten beschriebenen Dienstleistung(en) mit den Anforderungen der Barrierefreiheit nach dem Barrierefreiheitsst\u00e4rkungsgesetz (BFSG) und den Richtlinien der WCAG 2.1 Stufe AA.<\/p>\n\n\n\n<h2 class=\"wp-block-heading\">Angaben zum Dienstleistungserbringer<\/h2>\n\n\n\n<p>Jona Pflegedienst GmbH<br>Gl\u00fcsinger Stra\u00dfe 42A<br>21217 Seevetal<br>Niedersachsen<\/p>\n\n\n\n<h2 class=\"wp-block-heading\">Allgemeine Beschreibung der Dienstleistung<\/h2>\n\n\n\n<p>Au\u00dferklinische Intensivpflege und Heimbeatmung f\u00fcr Kinder, Jugendliche und Erwachsene in der Region Harburg, Seevetal und Umgebung. Die Dienstleistung wird \u00fcber unsere Website https:\/\/jona-pflegedienst.de vorgestellt.<\/p>\n\n\n\n<h2 class=\"wp-block-heading\">Erl\u00e4uterungen zur Durchf\u00fchrung der Dienstleistung<\/h2>\n\n\n\n<p>\u00dcber unsere Website https:\/\/jona-pflegedienst.de informieren wir \u00fcber unsere Leistungen in der au\u00dferklinischen Intensivpflege, insbesondere f\u00fcr Menschen mit invasiver oder nicht-invasiver Beatmung. Interessierte k\u00f6nnen sich \u00fcber unsere Pflegeangebote, unser Team und unsere Philosophie informieren. Zudem bieten wir die M\u00f6glichkeit, ein Erstgespr\u00e4ch zu vereinbaren oder sich direkt online auf offene Stellen zu bewerben. Unsere Website dient als zentrale Anlaufstelle f\u00fcr Betroffene, Angeh\u00f6rige und Pflegefachkr\u00e4fte.<\/p>\n\n\n\n<h2 class=\"wp-block-heading\">Stand der Vereinbarkeit mit den Anforderungen<\/h2>\n\n\n\n<p>Unsere Website ist mit den Anforderungen an die Barrierefreiheit gem\u00e4\u00df dem Barrierefreiheitsst\u00e4rkungsgesetz (BFSG), der EN 301 549 V3.2.1 sowie den Richtlinien der WCAG 2.1 Stufe AA vereinbar.<\/p>\n\n\n\n<p>Die Website wurde mit den Pr\u00fcfwerkzeugen <a href=\"https:\/\/wave.webaim.org\/\" target=\"_blank\" rel=\"noreferrer noopener\">WAVE<\/a>, <a href=\"https:\/\/pa11y.org\/\" target=\"_blank\" rel=\"noreferrer noopener\">Pa11y<\/a> und <a href=\"https:\/\/chromewebstore.google.com\/detail\/lighthouse\/blipmdconlkpinefehnmjammfjpmpbjk?hl=de\" target=\"_blank\" rel=\"noreferrer noopener\">Google Lighthouse<\/a> \u00fcberpr\u00fcft und zus\u00e4tzlich manuell getestet. Dabei wurden keine Barrieren festgestellt. Alle Inhalte und Funktionen sind barrierefrei nutzbar, einschlie\u00dflich Navigation, Formulare, Bilder, Tastaturbedienung, Kontraste und Medieninhalte.<\/p>\n\n\n\n<h3 class=\"wp-block-heading\">Laufende \u00dcberpr\u00fcfung<\/h3>\n\n\n\n<p>Unsere Website wird weiterhin regelm\u00e4\u00dfig kontrolliert, um die Barrierefreiheit auch bei neuen Inhalten und technischen \u00c4nderungen sicherzustellen. Derzeit bestehen keine offenen Punkte oder Einschr\u00e4nkungen. <\/p>\n\n\n\n<h2 class=\"wp-block-heading\">Erstellung der Barrierefreiheitserkl\u00e4rung<\/h2>\n\n\n\n<p>Datum der Erstellung der Barrierefreiheitserkl\u00e4rung: 07.08.2025<br>Datum der letzten \u00dcberpr\u00fcfung hinsichtlich der Anforderungen zur Barrierefreiheit: 27.10.2025<\/p>\n\n\n\n<h2 class=\"wp-block-heading\">Einsch\u00e4tzung zum Stand der Barrierefreiheit<\/h2>\n\n\n\n<p>Die Einsch\u00e4tzung zum Stand der Barrierefreiheit beruht auf unserer Selbsteinsch\u00e4tzung.<\/p>\n\n\n\n<h2 class=\"wp-block-heading\">Feedbackm\u00f6glichkeit und Kontaktangaben<\/h2>\n\n\n\n<p>Adresse:<br>Jona Pflegedienst GmbH<br>Gl\u00fcsinger Stra\u00dfe 42A<br>21217 Seevetal<\/p>\n\n\n\n<p>E-Mail: <a href=\"mailto:info@jona-pflegedienst.de\" target=\"_blank\" rel=\"noreferrer noopener\">info@jona-pflegedienst.de<\/a><\/p>\n\n\n\n<h2 class=\"wp-block-heading\">Zust\u00e4ndige Markt\u00fcberwachungsbeh\u00f6rde<\/h2>\n\n\n\n<p>Markt\u00fcberwachungsstelle der L\u00e4nder f\u00fcr die Barrierefreiheit von Produkten und Dienstleistungen (MLBF)<\/p>\n\n\n\n<p>Telefon: + 49 (0) 391 567 6970<br>E-Mail: mlbf@ms.sachsen-anhalt.de<\/p>\n\n\n\n<p>Informationen zur aktuellen Adresse des MLBF finden Sie hier: <a href=\"https:\/\/ms.sachsen-anhalt.de\/themen\/menschen-mit-behinderungen\/aktuelles\/marktueberwachungsstelle-der-laender-fuer-die-barrierefreiheit-von-produkten-und-dienstleistungen\" target=\"_blank\" rel=\"noreferrer noopener\">https:\/\/ms.sachsen-anhalt.de\/themen\/menschen-mit-behinderungen\/aktuelles\/marktueberwachungsstelle-der-laender-fuer-die-barrierefreiheit-von-produkten-und-dienstleistungen<\/a>.<\/p>\n<\/div><\/div>\n\n\n\n<div class=\"wp-block-group\"><div class=\"wp-block-group__inner-container is-layout-constrained wp-block-group-is-layout-constrained\"><\/div><\/div>","protected":false},"excerpt":{"rendered":"<p>Erkl\u00e4rung zur Barrierefreiheit f\u00fcr Dienstleistungen Im Rahmen unserer Barrierefreiheitserkl\u00e4rung m\u00f6chten wir Ihnen einen \u00dcberblick \u00fcber den Stand der Vereinbarkeit der unten beschriebenen Dienstleistung(en) mit den Anforderungen der Barrierefreiheit nach dem Barrierefreiheitsst\u00e4rkungsgesetz (BFSG) und den Richtlinien der WCAG 2.1 Stufe AA. Angaben zum Dienstleistungserbringer Jona Pflegedienst GmbHGl\u00fcsinger Stra\u00dfe 42A21217 SeevetalNiedersachsen Allgemeine Beschreibung der Dienstleistung Au\u00dferklinische Intensivpflege [&hellip;]<\/p>\n","protected":false},"author":2,"featured_media":0,"parent":0,"menu_order":0,"comment_status":"closed","ping_status":"closed","template":"","meta":{"_acf_changed":false,"footnotes":""},"class_list":["post-2968","page","type-page","status-publish","hentry"],"acf":[],"yoast_head":"<!-- This site is optimized with the Yoast SEO plugin v27.5 - https:\/\/yoast.com\/product\/yoast-seo-wordpress\/ -->\n<title>Barrierefreiheitserkl\u00e4rung - Jona Pflegedienst GmbH<\/title>\n<meta name=\"robots\" content=\"index, follow, max-snippet:-1, max-image-preview:large, max-video-preview:-1\" \/>\n<link rel=\"canonical\" href=\"https:\/\/jona-pflegedienst.de\/leichte-sprache\/barrierefreiheitserklaerung\/\" \/>\n<meta property=\"og:locale\" content=\"en_US\" \/>\n<meta property=\"og:type\" content=\"article\" \/>\n<meta property=\"og:title\" content=\"Barrierefreiheitserkl\u00e4rung - Jona Pflegedienst GmbH\" \/>\n<meta property=\"og:description\" content=\"Erkl\u00e4rung zur Barrierefreiheit f\u00fcr Dienstleistungen Im Rahmen unserer Barrierefreiheitserkl\u00e4rung m\u00f6chten wir Ihnen einen \u00dcberblick \u00fcber den Stand der Vereinbarkeit der unten beschriebenen Dienstleistung(en) mit den Anforderungen der Barrierefreiheit nach dem Barrierefreiheitsst\u00e4rkungsgesetz (BFSG) und den Richtlinien der WCAG 2.1 Stufe AA. Angaben zum Dienstleistungserbringer Jona Pflegedienst GmbHGl\u00fcsinger Stra\u00dfe 42A21217 SeevetalNiedersachsen Allgemeine Beschreibung der Dienstleistung Au\u00dferklinische Intensivpflege [&hellip;]\" \/>\n<meta property=\"og:url\" content=\"https:\/\/jona-pflegedienst.de\/leichte-sprache\/barrierefreiheitserklaerung\/\" \/>\n<meta property=\"og:site_name\" content=\"Jona Pflegedienst GmbH\" \/>\n<meta property=\"article:publisher\" content=\"https:\/\/www.facebook.com\/JonaPflegedienst\" \/>\n<meta property=\"article:modified_time\" content=\"2025-10-27T11:04:02+00:00\" \/>\n<meta name=\"twitter:card\" content=\"summary_large_image\" \/>\n<meta name=\"twitter:label1\" content=\"Est. reading time\" \/>\n\t<meta name=\"twitter:data1\" content=\"2 minutes\" \/>\n<script type=\"application\/ld+json\" class=\"yoast-schema-graph\">{\"@context\":\"https:\\\/\\\/schema.org\",\"@graph\":[{\"@type\":\"WebPage\",\"@id\":\"https:\\\/\\\/jona-pflegedienst.de\\\/barrierefreiheitserklaerung\\\/\",\"url\":\"https:\\\/\\\/jona-pflegedienst.de\\\/barrierefreiheitserklaerung\\\/\",\"name\":\"Barrierefreiheitserkl\u00e4rung - Jona Pflegedienst GmbH\",\"isPartOf\":{\"@id\":\"https:\\\/\\\/jona-pflegedienst.de\\\/#website\"},\"datePublished\":\"2022-02-01T11:00:00+00:00\",\"dateModified\":\"2025-10-27T11:04:02+00:00\",\"breadcrumb\":{\"@id\":\"https:\\\/\\\/jona-pflegedienst.de\\\/barrierefreiheitserklaerung\\\/#breadcrumb\"},\"inLanguage\":\"leichte-sprache\",\"potentialAction\":[{\"@type\":\"ReadAction\",\"target\":[\"https:\\\/\\\/jona-pflegedienst.de\\\/barrierefreiheitserklaerung\\\/\"]}]},{\"@type\":\"BreadcrumbList\",\"@id\":\"https:\\\/\\\/jona-pflegedienst.de\\\/barrierefreiheitserklaerung\\\/#breadcrumb\",\"itemListElement\":[{\"@type\":\"ListItem\",\"position\":1,\"name\":\"Startseite\",\"item\":\"https:\\\/\\\/jona-pflegedienst.de\\\/\"},{\"@type\":\"ListItem\",\"position\":2,\"name\":\"Barrierefreiheitserkl\u00e4rung\"}]},{\"@type\":\"WebSite\",\"@id\":\"https:\\\/\\\/jona-pflegedienst.de\\\/#website\",\"url\":\"https:\\\/\\\/jona-pflegedienst.de\\\/\",\"name\":\"Jona Pflegedienst GmbH\",\"description\":\"Au\u00dferklinische Intensivpflege f\u00fcr Kinder &amp; Erwachsene\",\"publisher\":{\"@id\":\"https:\\\/\\\/jona-pflegedienst.de\\\/#organization\"},\"potentialAction\":[{\"@type\":\"SearchAction\",\"target\":{\"@type\":\"EntryPoint\",\"urlTemplate\":\"https:\\\/\\\/jona-pflegedienst.de\\\/?s={search_term_string}\"},\"query-input\":{\"@type\":\"PropertyValueSpecification\",\"valueRequired\":true,\"valueName\":\"search_term_string\"}}],\"inLanguage\":\"leichte-sprache\"},{\"@type\":\"Organization\",\"@id\":\"https:\\\/\\\/jona-pflegedienst.de\\\/#organization\",\"name\":\"Jona Pflegedienst GmbH\",\"url\":\"https:\\\/\\\/jona-pflegedienst.de\\\/\",\"logo\":{\"@type\":\"ImageObject\",\"inLanguage\":\"leichte-sprache\",\"@id\":\"https:\\\/\\\/jona-pflegedienst.de\\\/#\\\/schema\\\/logo\\\/image\\\/\",\"url\":\"https:\\\/\\\/jona-pflegedienst.de\\\/wp-content\\\/uploads\\\/Logo_Jona_Website_150dpi_RGB_230322-1.png\",\"contentUrl\":\"https:\\\/\\\/jona-pflegedienst.de\\\/wp-content\\\/uploads\\\/Logo_Jona_Website_150dpi_RGB_230322-1.png\",\"width\":4375,\"height\":4376,\"caption\":\"Jona Pflegedienst GmbH\"},\"image\":{\"@id\":\"https:\\\/\\\/jona-pflegedienst.de\\\/#\\\/schema\\\/logo\\\/image\\\/\"},\"sameAs\":[\"https:\\\/\\\/www.facebook.com\\\/JonaPflegedienst\",\"https:\\\/\\\/www.instagram.com\\\/jonapflegedienstgmbh\\\/\"]}]}<\/script>\n<!-- \/ Yoast SEO plugin. -->","yoast_head_json":{"title":"Barrierefreiheitserkl\u00e4rung - Jona Pflegedienst GmbH","robots":{"index":"index","follow":"follow","max-snippet":"max-snippet:-1","max-image-preview":"max-image-preview:large","max-video-preview":"max-video-preview:-1"},"canonical":"https:\/\/jona-pflegedienst.de\/leichte-sprache\/barrierefreiheitserklaerung\/","og_locale":"en_US","og_type":"article","og_title":"Barrierefreiheitserkl\u00e4rung - Jona Pflegedienst GmbH","og_description":"Erkl\u00e4rung zur Barrierefreiheit f\u00fcr Dienstleistungen Im Rahmen unserer Barrierefreiheitserkl\u00e4rung m\u00f6chten wir Ihnen einen \u00dcberblick \u00fcber den Stand der Vereinbarkeit der unten beschriebenen Dienstleistung(en) mit den Anforderungen der Barrierefreiheit nach dem Barrierefreiheitsst\u00e4rkungsgesetz (BFSG) und den Richtlinien der WCAG 2.1 Stufe AA. Angaben zum Dienstleistungserbringer Jona Pflegedienst GmbHGl\u00fcsinger Stra\u00dfe 42A21217 SeevetalNiedersachsen Allgemeine Beschreibung der Dienstleistung Au\u00dferklinische Intensivpflege [&hellip;]","og_url":"https:\/\/jona-pflegedienst.de\/leichte-sprache\/barrierefreiheitserklaerung\/","og_site_name":"Jona Pflegedienst GmbH","article_publisher":"https:\/\/www.facebook.com\/JonaPflegedienst","article_modified_time":"2025-10-27T11:04:02+00:00","twitter_card":"summary_large_image","twitter_misc":{"Est. reading time":"2 minutes"},"schema":{"@context":"https:\/\/schema.org","@graph":[{"@type":"WebPage","@id":"https:\/\/jona-pflegedienst.de\/barrierefreiheitserklaerung\/","url":"https:\/\/jona-pflegedienst.de\/barrierefreiheitserklaerung\/","name":"Barrierefreiheitserkl\u00e4rung - Jona Pflegedienst GmbH","isPartOf":{"@id":"https:\/\/jona-pflegedienst.de\/#website"},"datePublished":"2022-02-01T11:00:00+00:00","dateModified":"2025-10-27T11:04:02+00:00","breadcrumb":{"@id":"https:\/\/jona-pflegedienst.de\/barrierefreiheitserklaerung\/#breadcrumb"},"inLanguage":"leichte-sprache","potentialAction":[{"@type":"ReadAction","target":["https:\/\/jona-pflegedienst.de\/barrierefreiheitserklaerung\/"]}]},{"@type":"BreadcrumbList","@id":"https:\/\/jona-pflegedienst.de\/barrierefreiheitserklaerung\/#breadcrumb","itemListElement":[{"@type":"ListItem","position":1,"name":"Startseite","item":"https:\/\/jona-pflegedienst.de\/"},{"@type":"ListItem","position":2,"name":"Barrierefreiheitserkl\u00e4rung"}]},{"@type":"WebSite","@id":"https:\/\/jona-pflegedienst.de\/#website","url":"https:\/\/jona-pflegedienst.de\/","name":"Jona Pflegedienst GmbH","description":"Au\u00dferklinische Intensivpflege f\u00fcr Kinder &amp; Erwachsene","publisher":{"@id":"https:\/\/jona-pflegedienst.de\/#organization"},"potentialAction":[{"@type":"SearchAction","target":{"@type":"EntryPoint","urlTemplate":"https:\/\/jona-pflegedienst.de\/?s={search_term_string}"},"query-input":{"@type":"PropertyValueSpecification","valueRequired":true,"valueName":"search_term_string"}}],"inLanguage":"leichte-sprache"},{"@type":"Organization","@id":"https:\/\/jona-pflegedienst.de\/#organization","name":"Jona Pflegedienst GmbH","url":"https:\/\/jona-pflegedienst.de\/","logo":{"@type":"ImageObject","inLanguage":"leichte-sprache","@id":"https:\/\/jona-pflegedienst.de\/#\/schema\/logo\/image\/","url":"https:\/\/jona-pflegedienst.de\/wp-content\/uploads\/Logo_Jona_Website_150dpi_RGB_230322-1.png","contentUrl":"https:\/\/jona-pflegedienst.de\/wp-content\/uploads\/Logo_Jona_Website_150dpi_RGB_230322-1.png","width":4375,"height":4376,"caption":"Jona Pflegedienst GmbH"},"image":{"@id":"https:\/\/jona-pflegedienst.de\/#\/schema\/logo\/image\/"},"sameAs":["https:\/\/www.facebook.com\/JonaPflegedienst","https:\/\/www.instagram.com\/jonapflegedienstgmbh\/"]}]}},"_links":{"self":[{"href":"https:\/\/jona-pflegedienst.de\/leichte-sprache\/wp-json\/wp\/v2\/pages\/2968","targetHints":{"allow":["GET"]}}],"collection":[{"href":"https:\/\/jona-pflegedienst.de\/leichte-sprache\/wp-json\/wp\/v2\/pages"}],"about":[{"href":"https:\/\/jona-pflegedienst.de\/leichte-sprache\/wp-json\/wp\/v2\/types\/page"}],"author":[{"embeddable":true,"href":"https:\/\/jona-pflegedienst.de\/leichte-sprache\/wp-json\/wp\/v2\/users\/2"}],"replies":[{"embeddable":true,"href":"https:\/\/jona-pflegedienst.de\/leichte-sprache\/wp-json\/wp\/v2\/comments?post=2968"}],"version-history":[{"count":13,"href":"https:\/\/jona-pflegedienst.de\/leichte-sprache\/wp-json\/wp\/v2\/pages\/2968\/revisions"}],"predecessor-version":[{"id":3134,"href":"https:\/\/jona-pflegedienst.de\/leichte-sprache\/wp-json\/wp\/v2\/pages\/2968\/revisions\/3134"}],"wp:attachment":[{"href":"https:\/\/jona-pflegedienst.de\/leichte-sprache\/wp-json\/wp\/v2\/media?parent=2968"}],"curies":[{"name":"wp","href":"https:\/\/api.w.org\/{rel}","templated":true}]}}